{"id":87,"date":"2016-06-03T15:00:42","date_gmt":"2016-06-03T13:00:42","guid":{"rendered":"http:\/\/assist-solution.fr\/?page_id=87"},"modified":"2018-05-22T21:36:28","modified_gmt":"2018-05-22T19:36:28","slug":"mes-atouts","status":"publish","type":"page","link":"https:\/\/assist-solution.fr\/index.php\/mes-atouts\/","title":{"rendered":"Mes atouts"},"content":{"rendered":"<div id=\"pl-87\"  class=\"panel-layout\" ><div id=\"pg-87-0\"  class=\"panel-grid panel-no-style\" ><div id=\"pgc-87-0-0\"  class=\"panel-grid-cell\" ><div id=\"panel-87-0-0-0\" class=\"so-panel widget widget_sow-editor panel-first-child panel-last-child\" data-index=\"0\" ><div\n\t\t\t\n\t\t\tclass=\"so-widget-sow-editor so-widget-sow-editor-base\"\n\t\t\t\n\t\t><h3 class=\"widget-title\">                               Avec 20 ans d\u2019exp\u00e9rience terrain, je mets mon expertise \u00e0 votre service.<\/h3>\n<div class=\"siteorigin-widget-tinymce textwidget\">\n\t<p style=\"text-align: justify;\">\u00a0<\/p>\n<p style=\"text-align: justify;\">Ma capacit\u00e9 \u00e0 m'adapter \u00e0 des univers professionnels tr\u00e8s vari\u00e9s. J'ai <strong>tr\u00e8s longtemps travaill\u00e9 en contrat d'int\u00e9rim par choix<\/strong> pour me permettre d'aborder diff\u00e9rents milieux professionnels ainsi qu'\u00e9largir ma polyvalence.<\/p>\n<p>Ma formation sup\u00e9rieure : BTS Assistante de gestion de PME PMI <strong>dont la philosophie est de nous apprendre \u00e0 nous mettre au service des petites entreprises<\/strong>.<\/p>\n<p>Mon go\u00fbt pour aller vers l'autre, d'\u00eatre au service d'une \u00e9quipe ou d'une entreprise.<\/p>\n<\/div>\n<\/div><\/div><\/div><div id=\"pgc-87-0-1\"  class=\"panel-grid-cell\" ><div id=\"panel-87-0-1-0\" class=\"so-panel widget widget_sow-image panel-first-child panel-last-child\" data-index=\"1\" ><div\n\t\t\t\n\t\t\tclass=\"so-widget-sow-image so-widget-sow-image-default-d6014b76747a-87\"\n\t\t\t\n\t\t>\n\n<div class=\"sow-image-container\">\n\t\t<img src=\"https:\/\/assist-solution.fr\/wp-content\/uploads\/2016\/08\/Mes-atouts.jpg\" width=\"3888\" height=\"2592\" srcset=\"https:\/\/assist-solution.fr\/wp-content\/uploads\/2016\/08\/Mes-atouts.jpg 3888w, https:\/\/assist-solution.fr\/wp-content\/uploads\/2016\/08\/Mes-atouts-300x200.jpg 300w, https:\/\/assist-solution.fr\/wp-content\/uploads\/2016\/08\/Mes-atouts-768x512.jpg 768w, https:\/\/assist-solution.fr\/wp-content\/uploads\/2016\/08\/Mes-atouts-1024x683.jpg 1024w, https:\/\/assist-solution.fr\/wp-content\/uploads\/2016\/08\/Mes-atouts-140x94.jpg 140w, https:\/\/assist-solution.fr\/wp-content\/uploads\/2016\/08\/Mes-atouts-272x182.jpg 272w\" sizes=\"(max-width: 3888px) 100vw, 3888px\" title=\"Ma capacit\u00e9 \u00e0 m&#039;adapter \u00e0 des univers professionnels tr\u00e8s vari\u00e9s.\" alt=\"Ma polyvalence \u00e0 votre service\" loading=\"lazy\" \t\tclass=\"so-widget-image\"\/>\n\t<\/div>\n\n<\/div><\/div><\/div><\/div><div id=\"pg-87-1\"  class=\"panel-grid panel-no-style\" ><div id=\"pgc-87-1-0\"  class=\"panel-grid-cell\" ><div id=\"panel-87-1-0-0\" class=\"so-panel widget widget_sow-hero panel-first-child panel-last-child\" data-index=\"2\" ><div\n\t\t\t\n\t\t\tclass=\"so-widget-sow-hero so-widget-sow-hero-default-ead3051115d9-87 so-widget-fittext-wrapper\"\n\t\t\t data-fit-text-compressor=\"0.85\"\n\t\t><div class=\"sow-slider-base\" style=\"display: none\"><ul\n\t\t\t\t\tclass=\"sow-slider-images\"\n\t\t\t\t\tdata-settings=\"{&quot;pagination&quot;:true,&quot;speed&quot;:800,&quot;timeout&quot;:8000,&quot;paused&quot;:false,&quot;pause_on_hover&quot;:false,&quot;swipe&quot;:true,&quot;nav_always_show_desktop&quot;:&quot;&quot;,&quot;nav_always_show_mobile&quot;:&quot;&quot;,&quot;breakpoint&quot;:&quot;780px&quot;,&quot;unmute&quot;:false,&quot;anchor&quot;:null}\"\n\t\t\t\t\t\t\t\t\t\tdata-anchor-id=\"\"\n\t\t\t\t>\t\t<li class=\"sow-slider-image  sow-slider-image-cover\" style=\"background-color: #333333;cursor: pointer;\" data-url=\"{&quot;url&quot;:&quot;https:\\\/\\\/assist-solution.fr\\\/index.php\\\/presentation\\\/&quot;,&quot;new_window&quot;:false}\" >\n\t\t\t\t\t<div class=\"sow-slider-image-container\">\n\t\t\t<div class=\"sow-slider-image-wrapper\">\n\t\t\t\t<h1 style=\"padding-left: 30px\">Mon entreprise<\/h1>\n\t\t\t<\/div>\n\t\t<\/div>\n\t\t<div class=\"sow-slider-image-overlay sow-slider-image-cover\" style=\"background-image: url(https:\/\/assist-solution.fr\/wp-content\/uploads\/2017\/12\/IMG_20170126_162038.jpg);opacity: 0.85\"  ><\/div>\t\t<\/li>\n\t\t<\/ul>\t\t\t\t<ol class=\"sow-slider-pagination\">\n\t\t\t\t\t\t\t\t\t\t\t<li><a href=\"#\" data-goto=\"0\" aria-label=\"afficher la diapositive 1\"><\/a><\/li>\n\t\t\t\t\t\t\t\t\t<\/ol>\n\n\t\t\t\t<div class=\"sow-slide-nav sow-slide-nav-next\">\n\t\t\t\t\t<a href=\"#\" data-goto=\"next\" aria-label=\"diapositive suivante\" data-action=\"next\">\n\t\t\t\t\t\t<em class=\"sow-sld-icon-thin-right\"><\/em>\n\t\t\t\t\t<\/a>\n\t\t\t\t<\/div>\n\n\t\t\t\t<div class=\"sow-slide-nav sow-slide-nav-prev\">\n\t\t\t\t\t<a href=\"#\" data-goto=\"previous\" aria-label=\"diapositive pr\u00e9c\u00e9dente\" data-action=\"prev\">\n\t\t\t\t\t\t<em class=\"sow-sld-icon-thin-left\"><\/em>\n\t\t\t\t\t<\/a>\n\t\t\t\t<\/div>\n\t\t\t\t<\/div><\/div><\/div><\/div><div id=\"pgc-87-1-1\"  class=\"panel-grid-cell\" ><div id=\"panel-87-1-1-0\" class=\"so-panel widget widget_sow-hero panel-first-child panel-last-child\" data-index=\"3\" ><div\n\t\t\t\n\t\t\tclass=\"so-widget-sow-hero so-widget-sow-hero-default-ead3051115d9-87 so-widget-fittext-wrapper\"\n\t\t\t data-fit-text-compressor=\"0.85\"\n\t\t><div class=\"sow-slider-base\" style=\"display: none\"><ul\n\t\t\t\t\tclass=\"sow-slider-images\"\n\t\t\t\t\tdata-settings=\"{&quot;pagination&quot;:true,&quot;speed&quot;:800,&quot;timeout&quot;:8000,&quot;paused&quot;:false,&quot;pause_on_hover&quot;:false,&quot;swipe&quot;:true,&quot;nav_always_show_desktop&quot;:&quot;&quot;,&quot;nav_always_show_mobile&quot;:&quot;&quot;,&quot;breakpoint&quot;:&quot;780px&quot;,&quot;unmute&quot;:false,&quot;anchor&quot;:null}\"\n\t\t\t\t\t\t\t\t\t\tdata-anchor-id=\"\"\n\t\t\t\t>\t\t<li class=\"sow-slider-image  sow-slider-image-cover\" style=\"background-color: #333333;cursor: pointer;\" data-url=\"{&quot;url&quot;:&quot;https:\\\/\\\/assist-solution.fr\\\/index.php\\\/mon-parcours\\\/&quot;,&quot;new_window&quot;:false}\" >\n\t\t\t\t\t<div class=\"sow-slider-image-container\">\n\t\t\t<div class=\"sow-slider-image-wrapper\">\n\t\t\t\t<h1 style=\"padding-left: 30px\">Mon parcours<\/h1>\t\t\t<\/div>\n\t\t<\/div>\n\t\t<div class=\"sow-slider-image-overlay sow-slider-image-cover\" style=\"background-image: url(https:\/\/assist-solution.fr\/wp-content\/uploads\/2016\/07\/Mon-parcours.jpg);opacity: 0.85\"  ><\/div>\t\t<\/li>\n\t\t<\/ul>\t\t\t\t<ol class=\"sow-slider-pagination\">\n\t\t\t\t\t\t\t\t\t\t\t<li><a href=\"#\" data-goto=\"0\" aria-label=\"afficher la diapositive 1\"><\/a><\/li>\n\t\t\t\t\t\t\t\t\t<\/ol>\n\n\t\t\t\t<div class=\"sow-slide-nav sow-slide-nav-next\">\n\t\t\t\t\t<a href=\"#\" data-goto=\"next\" aria-label=\"diapositive suivante\" data-action=\"next\">\n\t\t\t\t\t\t<em class=\"sow-sld-icon-thin-right\"><\/em>\n\t\t\t\t\t<\/a>\n\t\t\t\t<\/div>\n\n\t\t\t\t<div class=\"sow-slide-nav sow-slide-nav-prev\">\n\t\t\t\t\t<a href=\"#\" data-goto=\"previous\" aria-label=\"diapositive pr\u00e9c\u00e9dente\" data-action=\"prev\">\n\t\t\t\t\t\t<em class=\"sow-sld-icon-thin-left\"><\/em>\n\t\t\t\t\t<\/a>\n\t\t\t\t<\/div>\n\t\t\t\t<\/div><\/div><\/div><\/div><\/div><\/div>","protected":false},"excerpt":{"rendered":"<p>\u00a0Ma capacit\u00e9 \u00e0 m&rsquo;adapter \u00e0 des univers professionnels tr\u00e8s vari\u00e9s. J&rsquo;ai tr\u00e8s longtemps travaill\u00e9 en contrat d&rsquo;int\u00e9rim par choix pour me permettre d&rsquo;aborder diff\u00e9rents milieux professionnels ainsi qu&rsquo;\u00e9largir ma polyvalence.Ma formation sup\u00e9rieure : BTS Assistante de gestion de PME PMI dont la philosophie est de nous apprendre \u00e0 nous mettre au service des petites entreprises.Mon [&hellip;]<\/p>\n","protected":false},"author":1,"featured_media":0,"parent":0,"menu_order":0,"comment_status":"closed","ping_status":"closed","template":"page-full.php","meta":[],"yoast_head":"<!-- This site is optimized with the Yoast SEO plugin v19.8 - https:\/\/yoast.com\/wordpress\/plugins\/seo\/ -->\n<title>Mes atouts - Assist&#039;Solution<\/title>\n<meta name=\"robots\" content=\"index, follow, max-snippet:-1, max-image-preview:large, max-video-preview:-1\" \/>\n<link rel=\"canonical\" href=\"https:\/\/assist-solution.fr\/index.php\/mes-atouts\/\" \/>\n<meta property=\"og:locale\" content=\"fr_FR\" \/>\n<meta property=\"og:type\" content=\"article\" \/>\n<meta property=\"og:title\" content=\"Mes atouts - Assist&#039;Solution\" \/>\n<meta property=\"og:description\" content=\"\u00a0Ma capacit\u00e9 \u00e0 m&#039;adapter \u00e0 des univers professionnels tr\u00e8s vari\u00e9s. J&#039;ai tr\u00e8s longtemps travaill\u00e9 en contrat d&#039;int\u00e9rim par choix pour me permettre d&#039;aborder diff\u00e9rents milieux professionnels ainsi qu&#039;\u00e9largir ma polyvalence.Ma formation sup\u00e9rieure : BTS Assistante de gestion de PME PMI dont la philosophie est de nous apprendre \u00e0 nous mettre au service des petites entreprises.Mon [&hellip;]\" \/>\n<meta property=\"og:url\" content=\"https:\/\/assist-solution.fr\/index.php\/mes-atouts\/\" \/>\n<meta property=\"og:site_name\" content=\"Assist&#039;Solution\" \/>\n<meta property=\"article:publisher\" content=\"https:\/\/www.facebook.com\/AssistSolution.fr\/\" \/>\n<meta property=\"article:modified_time\" content=\"2018-05-22T19:36:28+00:00\" \/>\n<meta property=\"og:image\" content=\"https:\/\/assist-solution.fr\/wp-content\/uploads\/2016\/08\/facebook-AssistSolution.png\" \/>\n\t<meta property=\"og:image:width\" content=\"2000\" \/>\n\t<meta property=\"og:image:height\" content=\"2000\" \/>\n\t<meta property=\"og:image:type\" content=\"image\/png\" \/>\n<meta name=\"twitter:card\" content=\"summary_large_image\" \/>\n<meta name=\"twitter:label1\" content=\"Dur\u00e9e de lecture estim\u00e9e\" \/>\n\t<meta name=\"twitter:data1\" content=\"1 minute\" \/>\n<script type=\"application\/ld+json\" class=\"yoast-schema-graph\">{\"@context\":\"https:\/\/schema.org\",\"@graph\":[{\"@type\":\"WebPage\",\"@id\":\"https:\/\/assist-solution.fr\/index.php\/mes-atouts\/\",\"url\":\"https:\/\/assist-solution.fr\/index.php\/mes-atouts\/\",\"name\":\"Mes atouts - Assist&#039;Solution\",\"isPartOf\":{\"@id\":\"https:\/\/assist-solution.fr\/#website\"},\"datePublished\":\"2016-06-03T13:00:42+00:00\",\"dateModified\":\"2018-05-22T19:36:28+00:00\",\"breadcrumb\":{\"@id\":\"https:\/\/assist-solution.fr\/index.php\/mes-atouts\/#breadcrumb\"},\"inLanguage\":\"fr-FR\",\"potentialAction\":[{\"@type\":\"ReadAction\",\"target\":[\"https:\/\/assist-solution.fr\/index.php\/mes-atouts\/\"]}]},{\"@type\":\"BreadcrumbList\",\"@id\":\"https:\/\/assist-solution.fr\/index.php\/mes-atouts\/#breadcrumb\",\"itemListElement\":[{\"@type\":\"ListItem\",\"position\":1,\"name\":\"Accueil\",\"item\":\"https:\/\/assist-solution.fr\/\"},{\"@type\":\"ListItem\",\"position\":2,\"name\":\"Mes atouts\"}]},{\"@type\":\"WebSite\",\"@id\":\"https:\/\/assist-solution.fr\/#website\",\"url\":\"https:\/\/assist-solution.fr\/\",\"name\":\"Assist&#039;Solution\",\"description\":\"La gestion de votre administratif en toute libert\u00e9\",\"potentialAction\":[{\"@type\":\"SearchAction\",\"target\":{\"@type\":\"EntryPoint\",\"urlTemplate\":\"https:\/\/assist-solution.fr\/?s={search_term_string}\"},\"query-input\":\"required name=search_term_string\"}],\"inLanguage\":\"fr-FR\"}]}<\/script>\n<!-- \/ Yoast SEO plugin. -->","yoast_head_json":{"title":"Mes atouts - Assist&#039;Solution","robots":{"index":"index","follow":"follow","max-snippet":"max-snippet:-1","max-image-preview":"max-image-preview:large","max-video-preview":"max-video-preview:-1"},"canonical":"https:\/\/assist-solution.fr\/index.php\/mes-atouts\/","og_locale":"fr_FR","og_type":"article","og_title":"Mes atouts - Assist&#039;Solution","og_description":"\u00a0Ma capacit\u00e9 \u00e0 m'adapter \u00e0 des univers professionnels tr\u00e8s vari\u00e9s. J'ai tr\u00e8s longtemps travaill\u00e9 en contrat d'int\u00e9rim par choix pour me permettre d'aborder diff\u00e9rents milieux professionnels ainsi qu'\u00e9largir ma polyvalence.Ma formation sup\u00e9rieure : BTS Assistante de gestion de PME PMI dont la philosophie est de nous apprendre \u00e0 nous mettre au service des petites entreprises.Mon [&hellip;]","og_url":"https:\/\/assist-solution.fr\/index.php\/mes-atouts\/","og_site_name":"Assist&#039;Solution","article_publisher":"https:\/\/www.facebook.com\/AssistSolution.fr\/","article_modified_time":"2018-05-22T19:36:28+00:00","og_image":[{"width":2000,"height":2000,"url":"https:\/\/assist-solution.fr\/wp-content\/uploads\/2016\/08\/facebook-AssistSolution.png","type":"image\/png"}],"twitter_card":"summary_large_image","twitter_misc":{"Dur\u00e9e de lecture estim\u00e9e":"1 minute"},"schema":{"@context":"https:\/\/schema.org","@graph":[{"@type":"WebPage","@id":"https:\/\/assist-solution.fr\/index.php\/mes-atouts\/","url":"https:\/\/assist-solution.fr\/index.php\/mes-atouts\/","name":"Mes atouts - Assist&#039;Solution","isPartOf":{"@id":"https:\/\/assist-solution.fr\/#website"},"datePublished":"2016-06-03T13:00:42+00:00","dateModified":"2018-05-22T19:36:28+00:00","breadcrumb":{"@id":"https:\/\/assist-solution.fr\/index.php\/mes-atouts\/#breadcrumb"},"inLanguage":"fr-FR","potentialAction":[{"@type":"ReadAction","target":["https:\/\/assist-solution.fr\/index.php\/mes-atouts\/"]}]},{"@type":"BreadcrumbList","@id":"https:\/\/assist-solution.fr\/index.php\/mes-atouts\/#breadcrumb","itemListElement":[{"@type":"ListItem","position":1,"name":"Accueil","item":"https:\/\/assist-solution.fr\/"},{"@type":"ListItem","position":2,"name":"Mes atouts"}]},{"@type":"WebSite","@id":"https:\/\/assist-solution.fr\/#website","url":"https:\/\/assist-solution.fr\/","name":"Assist&#039;Solution","description":"La gestion de votre administratif en toute libert\u00e9","potentialAction":[{"@type":"SearchAction","target":{"@type":"EntryPoint","urlTemplate":"https:\/\/assist-solution.fr\/?s={search_term_string}"},"query-input":"required name=search_term_string"}],"inLanguage":"fr-FR"}]}},"_links":{"self":[{"href":"https:\/\/assist-solution.fr\/index.php\/wp-json\/wp\/v2\/pages\/87"}],"collection":[{"href":"https:\/\/assist-solution.fr\/index.php\/wp-json\/wp\/v2\/pages"}],"about":[{"href":"https:\/\/assist-solution.fr\/index.php\/wp-json\/wp\/v2\/types\/page"}],"author":[{"embeddable":true,"href":"https:\/\/assist-solution.fr\/index.php\/wp-json\/wp\/v2\/users\/1"}],"replies":[{"embeddable":true,"href":"https:\/\/assist-solution.fr\/index.php\/wp-json\/wp\/v2\/comments?post=87"}],"version-history":[{"count":17,"href":"https:\/\/assist-solution.fr\/index.php\/wp-json\/wp\/v2\/pages\/87\/revisions"}],"predecessor-version":[{"id":538,"href":"https:\/\/assist-solution.fr\/index.php\/wp-json\/wp\/v2\/pages\/87\/revisions\/538"}],"wp:attachment":[{"href":"https:\/\/assist-solution.fr\/index.php\/wp-json\/wp\/v2\/media?parent=87"}],"curies":[{"name":"wp","href":"https:\/\/api.w.org\/{rel}","templated":true}]}}